Suppose 5*b - 5764 - 7731 = 5170. What are the prime factors of b?
3733
Suppose -5*u - 4*x = 7, u - 6 - 7 = 4*x. Let r(p) = 31*p**3 - 2*p**2 + 3*p - 1. Let i be r(u). Let y = 224 - i. What are the prime factors of y?
193
Let q(p) = 25844*p**2 + 37*p - 2. List the prime factors of q(1).
7, 3697
Suppose 2152 = -9*y + 27478. Let x = -1724 + y. List the prime factors of x.
2, 5, 109
What are the prime factors of (-172193)/28*5/(10/(-8))?
17, 1447
Let z(p) = 199*p - 421. List the prime factors of z(19).
2, 3, 5, 7
What are the prime factors of -5*(-3461 + -11 + 24)?
2, 5, 431
Let v = 53 - 47. Let u = v + -4. Suppose 0 = -5*q - 2*x + 595, -u*q + 5*x + 257 = 2*x. What are the prime factors of q?
11
Let p = 1313 - 782. Suppose -3*x = -0*c - 4*c + 2150, 4*x = c - p. List the prime factors of c.
7, 11
Suppose 0 = -3*x + 66 + 33. Suppose 0 = -0*s - 5*s + 115. Suppose w + s - x = 0. What are the prime factors of w?
2, 5
Let j be 40/(-100) + (-2)/(-5). Suppose 5*h = -5*b + 4170, b + 87*h - 85*h - 829 = j. List the prime factors of b.
839
Suppose 4*i - 4*b - 37592 = 0, 0*b - 4*b = 8. List the prime factors of i.
2, 3, 29
Suppose 0 = 17*j + 4*y - 2*y - 309626, -72868 = -4*j + 2*y. List the prime factors of j.
2, 7, 1301
Let r(i) be the second derivative of -34*i**3/3 + 9*i**2 - 43*i + 2. List the prime factors of r(-4).
2, 5, 29
Let p(h) = -63*h + 2791. List the prime factors of p(-86).
8209
Let v = 17700 - 10630. What are the prime factors of v?
2, 5, 7, 101
What are the prime factors of ((-3009118)/(-322) - 17) + (-6)/69?
2, 11, 53
Let n = -1084 + 1087. Let r(v) = 19*v**2 - 8*v + 1. Let l be r(6). Suppose l = 5*s + 4*k, -n*k + 119 = s + 2*k. List the prime factors of s.
3, 43
Suppose 64*t - 3895 = 45*t. Suppose 5*g - 570 = 5*m, m + 4*m = 2*g - 240. Let j = t - g. What are the prime factors of j?
5, 19
Let q be ((-1900)/(-36) - -2) + (-2)/(-9). Suppose 4*c - 50 = -2*a, -3*c - 4*a + q = a. Suppose 0 = c*f + 2*f - 1908. List the prime factors of f.
3, 53
Let r = 3697 - -2516. List the prime factors of r.
3, 19, 109
Let t(m) = -2*m**3 + 9*m**2 - 3*m + 10. Let b be t(4). What are the prime factors of (((-369)/6)/3)/((-7)/b)?
41
Let j(z) = 7*z**2 - z + 3. Let g = -13 + 16. Let n be j(g). Let l = 21 + n. List the prime factors of l.
2, 3, 7
Let g be (-1 - (-6 + 1)) + (-15)/1. Let q(f) = -45*f - 45. What are the prime factors of q(g)?
2, 3, 5
Suppose -138*a - 28514 + 220565 = -379959. What are the prime factors of a?
5, 829
Let t = -14 + 36. Suppose t*l - 8*l - 630 = 0. What are the prime factors of l?
3, 5
Let c(g) be the second derivative of -31/2*g**2 + 0 - 13/3*g**3 - 40*g. List the prime factors of c(-7).
151
Suppose x + 949 = 2*a, 3*x = -2*a + a + 457. Let c be (77*5)/(11 - 10). Suppose -h + a = 4*w + 4*h, c = 3*w - 4*h. List the prime factors of w.
3, 41
Let l(j) = j**3 + 23*j**2 + 42*j + 2. Let k be l(-21). Suppose -5*p + a - 12 + 52 = 0, p - k = -a. Suppose 261 - 37 = p*x. What are the prime factors of x?
2
Let d(r) = -989*r + 22. Let p be d(-4). Suppose p = -0*s + 6*s. Suppose 4*i - 2*j = 484, 5*i - j = s - 55. List the prime factors of i.
2, 61
Let b(v) = -6*v**3 - 24*v**2 + 31*v + 85. List the prime factors of b(-10).
3, 5
Suppose -4*p + 13758 = 2*b, 61*p + 5*b = 59*p + 6851. List the prime factors of p.
11, 313
Suppose -3*o + 21206 = 2*h, 1704 = -3*o - 3*h + 22914. List the prime factors of o.
2, 3533
Let a = 928 - -257. List the prime factors of a.
3, 5, 79
Let l(x) = -2*x + 15. Let i be l(6). Suppose 6*w = 2*w - i*o + 486, w - 114 = 3*o. List the prime factors of w.
2, 3, 5
Let k = -7836 - -12509. List the prime factors of k.
4673
Suppose 4*c + 53 = 2*z - 63, -5*c = -2*z + 120. Let r = -42 + z. Suppose -44 = -9*h - r. What are the prime factors of h?
2
Suppose -6*k = 5*o - 7*k - 75, 2*o = -5*k + 3. Suppose 0 = -o*n + 38*n - 13176. List the prime factors of n.
3, 61
Suppose 0 = 532*q - 527*q + 2*k - 174997, -k = -5*q + 174979. What are the prime factors of q?
79, 443
Let c = -3215 + 5697. Suppose 21*y + c - 9181 = 0. What are the prime factors of y?
11, 29
Let r = -3410 - -3695. What are the prime factors of r?
3, 5, 19
Suppose 0 = w + 2*t - 14071, 0 = -10*w + 13*w - 4*t - 42253. What are the prime factors of w?
3, 13, 19
Suppose -2*p = -6*b + 117454, 5*p - 58743 = -3*b + 2*p. List the prime factors of b.
19577
Let m = 20 - 20. Suppose -3*y = -2*n + 14, y - 1 + 5 = m. List the prime factors of (1 - (0 + 0))/(n/189).
3, 7
Let y(l) = -177*l - 843. List the prime factors of y(-111).
2, 3, 1567
Suppose -4*l + 2 = -s, -109*s = -110*s - 5*l - 2. Let h(i) = 3*i**2 - i + 3 + 5*i + 2*i**3 - 13*i**3. List the prime factors of h(s).
5, 19
Suppose -i = 0, 3*i - 27007 = -5*a + 17308. What are the prime factors of a?
8863
Let x(o) be the first derivative of -o**4/4 + o**3 + 2*o**2 + 6*o - 7. What are the prime factors of x(-5)?
2, 3, 31
Let i(x) = 339*x**2 - 7*x - 20. Let c be i(-3). Suppose 40*h = 47*h - c. What are the prime factors of h?
2, 109
Suppose 2*m + 10 = 16. Suppose 3*t - 102 = -5*i + 5, 0 = -m*i - 5*t + 61. Suppose 0 = 2*r + 14 - i. List the prime factors of r.
2
List the prime factors of (-72)/60*(5 - 248255/14).
3, 7, 1013
Let j(p) = -1100*p - 20. Let w be j(-2). Let v = -1423 + w. List the prime factors of v.
757
Let a(g) = g**3 + 10*g**2 + 19*g - 11. Let c(k) = 3*k**3 + 31*k**2 + 57*k - 32. Let q(d) = -11*a(d) + 4*c(d). List the prime factors of q(-9).
227
Let v = -90 + 175. Suppose -3*j + 3*h - v + 25 = 0, -3*j - 92 = 5*h. List the prime factors of (j - (-2)/(-2))*(2 - 7).
5
Let j(a) = a**3 - 11*a**2 - 15*a + 16. Let x be j(12). Let l be (-2)/(-4) + 1390/x. Let k = 179 + l. List the prime factors of k.
2, 5, 11
Let l(x) = 23*x**2 + 10*x + 7. Let t be l(-3). Suppose 8*v + t = 2640. What are the prime factors of v?
307
Let v(j) = -1321*j - 121. Let x be v(-17). What are the prime factors of (2 + 0 + -5)*x/(-96)?
2, 349
Suppose 216*d - 600905 = 43*d + 469273. List the prime factors of d.
2, 3, 1031
Suppose -5*q - m = -161, -5*m = -4*q + 96 + 56. Suppose -2617 = -q*u + 7250. What are the prime factors of u?
13, 23
List the prime factors of (-308787)/3*(-22)/110 - 2/(-10).
2, 3, 47, 73
Let u(r) = -68 - 60*r + 45 + 45. Let y be u(-9). Let g = -356 + y. List the prime factors of g.
2, 103
Suppose 182*b = 185*b - i - 4834, b = 2*i + 1603. List the prime factors of b.
1613
Let g(n) = 80*n + 1. Let l(b) = b - 5. Let d(z) = -3*z + 14. Let w(a) = 6*d(a) + 17*l(a). Let j(k) = g(k) - w(k). What are the prime factors of j(1)?
83
Let n = -10791 - -19786. List the prime factors of n.
5, 7, 257
Let w(f) = -2*f**3 - 4*f**2 + 4. Let c be w(-2). Suppose 3*p = 5*t - 2205, -3*p + c*p = t - 443. List the prime factors of t.
2, 3, 73
Let n be 0/(-5*(-7)/35). Suppose 4*h - t - 1929 = 730, -2*h - 5*t + 1313 = n. List the prime factors of h.
2, 83
Let d = -17 + 19. Let n be 4/(-16)*d*(-1 - 3). Suppose n*i = -258 + 748. What are the prime factors of i?
5, 7
Let j be 32/256 - 47/(-8). What are the prime factors of ((-3555)/(-15))/(j/34)?
17, 79
Suppose -5*y + 6965 = 3*u, 2*y = -3*u + 2*u + 2787. Let h be 1/(-3) - (0 - y/12). Suppose h = -5*k + 391. What are the prime factors of k?
5, 11
Let p(c) be the second derivative of -c**5/10 - c**4/4 + 4*c**3/3 + c**2 - c. Let f(q) = q**2 - 16*q + 11. Let t be f(15). What are the prime factors of p(t)?
2, 5
Suppose 933 = 7*t - 89. Suppose i = -2*b + t, 2*b + 3*i = -0*b + 154. What are the prime factors of b?
71
Let t = -1126 - -12686. What are the prime factors of t?
2, 5, 17
Let h = -192 - -129. Let t = h - -65. Suppose 0 = 5*j - 3*g - 303 - 181, -t*j = 4*g - 204. List the prime factors of j.
2, 7
Suppose 0 = -2*u + 5 - 3, o + u = 3. Let m(d) = -2*d - 5 - 3*d**o - 4*d**2 + d**2 - d**2 - d**3. List the prime factors of m(-7).
3
Let k(t) = 167*t - 98. List the prime factors of k(40).
2, 3, 1097
Suppose -w + 15 = 7. Let g(u) = 75*u + 60. What are the prime factors of g(w)?
2, 3, 5, 11
Let r(q) = 193*q**2 + 183*q + 52. List the prime factors of r(15).
2, 11, 191
Let j(i) = -25*i - 240. Let v be j(-10). Suppose -980 = -v*b + 1740. List the prime factors of b.
2, 17
Let j be 56/6 - (-8)/12. Suppose -j*q + 5768 = -2*q. What are the prime factors of q?
7, 103
Suppose -5*d = -0*j + 2*j + 21, -d + 5 = 5*j. Let x(i) = 45 + 2 + 2*i**2 + i - 